n millions digit of 30382507?
3
What is the hundred millions digit of 110319117?
1
What is the thousands digit of 3293755086?
5
What is the thousands digit of 15734776?
4
What is the tens digit of 991248837?
3
What is the ten thousands digit of 13203502?
0
What is the billions digit of 2814202259?
2
What is the millions digit of 60857661?
0
What is the ten millions digit of 352634863?
5
What is the units digit of 15152074?
4
What is the thousands digit of 4729195523?
5
What is the hundred thousands digit of 286337725?
3
What is the tens digit of 83894368?
6
What is the millions digit of 508846292?
8
What is the hundreds digit of 224483154?
1
What is the billions digit of 5484106946?
5
What is the tens digit of 25694678?
7
What is the thousands digit of 912632114?
2
What is the units digit of 622407510?
0
What is the thousands digit of 675355455?
5
What is the ten thousands digit of 139893938?
9
What is the ten thousands digit of 5970891?
7
What is the units digit of 81827318?
8
What is the hundred thousands digit of 7977396427?
3
What is the hundred thousands digit of 26066364?
0
What is the ten thousands digit of 31763959?
6
What is the tens digit of 164012676?
7
What is the units digit of 1511925196?
6
What is the ten thousands digit of 351120567?
2
What is the ten thousands digit of 10210688?
1
What is the millions digit of 274510255?
4
What is the hundred thousands digit of 73513376?
5
What is the tens digit of 1802308333?
3
What is the hundreds digit of 71063012?
0
What is the tens digit of 168193638?
3
What is the ten millions digit of 48134851?
4
What is the millions digit of 522975221?
2
What is the ten thousands digit of 1685611956?
1
What is the hundred millions digit of 318237638?
3
What is the millions digit of 521295658?
1
What is the ten millions digit of 1635007092?
3
What is the ten thousands digit of 15369153?
6
What is the ten millions digit of 55304892?
5
What is the units digit of 349051954?
4
What is the tens digit of 12928155?
5
What is the hundred thousands digit of 8376728548?
7
What is the ten millions digit of 4175006203?
7
What is the hundreds digit of 94532040?
0
What is the tens digit of 1041956836?
3
What is the hundred thousands digit of 356782094?
7
What is the hundred thousands digit of 185674481?
6
What is the ten thousands digit of 628978069?
7
What is the hundred thousands digit of 44933662?
9
What is the ten thousands digit of 39533334?
3
What is the billions digit of 4727212560?
4
What is the hundreds digit of 30376114?
1
What is the hundred millions digit of 228436377?
2
What is the ten millions digit of 142114719?
4
What is the thousands digit of 74343708?
3
What is the units digit of 929099303?
3
What is the millions digit of 8261911?
8
What is the tens digit of 55261786?
8
What is the units digit of 90316257?
7
What is the hundred millions digit of 2163464798?
1
What is the thousands digit of 5499271?
9
What is the millions digit of 17726788?
7
What is the hundred millions digit of 369109372?
3
What is the ten millions digit of 35506136?
3
What is the ten thousands digit of 26099329?
9
What is the hundreds digit of 131980914?
9
What is the hundred thousands digit of 79381001?
3
What is the millions digit of 5681678240?
1
What is the hundred thousands digit of 3167435816?
4
What is the millions digit of 223384678?
3
What is the tens digit of 124946051?
5
What is the thousands digit of 211481114?
1
What is the hundreds digit of 45514818?
8
What is the hundred thousands digit of 4211703259?
7
What is the ten thousands digit of 333490602?
9
What is the thousands digit of 227626004?
6
What is the hundreds digit of 2030735609?
6
What is the ten millions digit of 19618477?
1
What is the millions digit of 710860042?
0
What is the ten millions digit of 111208334?
1
What is the units digit of 109740389?
9
What is the hundred thousands digit of 123130660?
1
What is the tens digit of 250436937?
3
What is the tens digit of 1557224525?
2
What is the thousands digit of 7315796?
5
What is the hundred millions digit of 2782367197?
7
What is the thousands digit of 1483718900?
8
What is the thousands digit of 81787789?
7
What is the billions digit of 3036718408?
3
What is the thousands digit of 26452508?
2
What is the ten millions digit of 142467606?
4
What is the ten thousands digit of 748684679?
8
What is the ten millions digit of 130550981?
3
What is the thousands digit of 253669844?
9
What is the hundreds digit of 109991643?
6
What is the units digit of 1113891383?
3
What is the ten thousands digit of 106599503?
9
What is the thousands digit of 57477436?
7
What is the hundred millions digit of 2514081919?
5
What is the hundreds digit of 297901659?
6
What is the hundred thousands digit of 175251446?
2
What is the thousands digit of 33706728?
6
What is the hundred thousands digit of 6455543879?
5
What is the units digit of 1224314255?
5
What is the hundred millions digit of 3729324021?
7
What is the hundred thousands digit of 284040046?
0
What is the hundreds digit of 50621304?
3
What is the units digit of 3297206638?
8
What is the hundred thousands digit of 65540614?
5
What is the millions digit of 1600746069?
0
What is the tens digit of 129924191?
9
What is the ten millions digit of 959389374?
5
What is the units digit of 305565399?
9
What is the ten millions digit of 66637346?
6
What is the hundreds digit of 311313403?
4
What is the hundred thousands digit of 1736417320?
4
What is the thousands digit of 11795181?
5
What is the units digit of 83520994?
4
What is the tens digit of 48706376?
7
What is the hundred thousands digit of 72183288?
1
What is the ten millions digit of 99762727?
9
What is the ten millions digit of 1161389639?
6
What is the ten thousands digit of 650829324?
2
What is the ten thousands digit of 63909002?
0
What is the hundreds digit of 1097456022?
0
What is the hundred thousands digit of 39870203?
8
What is the hundred millions digit of 106790575?
1
What is the hundred thousands digit of 78765545?
7
What is the units digit of 4378029823?
3
What is the hundred thousands digit of 6041400942?
4
What is the units digit of 304235756?
6
What is the ten thousands digit of 61282234?
8
What is the hundred thousands digit of 56922371?
9
What is the ten millions digit of 81811588?
8
What is the ten thousands digit of 33965696?
6
What is the hundred millions digit of 254624678?
2
What is the thousands digit of 104119303?
9
What is the units digit of 17304978?
8
What is the units digit of 57755350?
0
What is the millions digit of 651687893?
1
What is the hundred millions digit of 259506330?
2
What is the tens digit of 47139616?
1
What is the tens digit of 59083022?
2
What is the hundred millions digit of 244371175?
2
What is the hundred millions digit of 262594215?
2
What is the ten thousands digit of 1307519229?
1
What is the thousands digit of 479116471?
6
What is the millions digit of 437120460?
7
What is the units digit of 26911533?
3
What is the ten millions digit of 81562570?
8
What is the hundreds digit of 119743214?
2
What is the tens digit of 3806399693?
9
What is the millions digit of 290659247?
0
What is the thousands digit of 68583898?
3
What is the millions digit of 15962730?
5
What is the millions digit of 34336598?
4
What is the ten millions digit of 2256417526?
5
What is the hundred thousands digit of 129214869?
2
What is the ten thousands digit of 277296787?
9
What is the hundred thousands digit of 284830767?
8
What is the thousands digit of 1329475323?
5
What is the units digit of 291333515?
5
What is the billions digit of 2760763352?
2
What is the tens digit of 526403585?
8
What is the tens digit of 116990844?
4
What is the millions digit of 2359588765?
9
What is the hundred millions digit of 2207490511?
2
What is the units digit of 151368494?
4
What is the units digit of 8001862?
2
What is the units digit of 871938129?
9
What is the ten millions digit of 3131657525?
3
What is the units digit of 53524428?
8
What is the thousands digit of 313536154?
6
What is the hundred millions digit of 1646326191?
6
What is the hundred millions digit of 1232210935?
2
What is the thousands digit of 3848851490?
1
What is the tens digit of 288422981?
8
What is the units digit of 697537233?
3
What is the